der when 61 is divided by -3*(-21)/(f - -2).
19
Suppose 0 = 5*x, -3*w - 3*x - 1 = 2. Let c(z) = 2*z**2 - 12*z**3 - 2*z**2 - 2*z - z**2 - 1. What is the remainder when 23 is divided by c(w)?
11
Let t = -109 - -118. Calculate the remainder when 57 is divided by t.
3
Let p(i) = i**2. Let r be p(2). Suppose -r*a = -13 - 59. Let q = a + -12. Calculate the remainder when 9 is divided by q.
3
What is the remainder when 35 is divided by (2*3/8)/((-5)/(-120))?
17
Suppose -4*r - 1 = -37. Suppose -6 = 2*j - 12. Calculate the remainder when r is divided by j.
0
Calculate the remainder when 78 is divided by (-4)/(-10) + 1729/65.
24
Let l = 15 + -11. Let a = 44 - -9. Suppose -3*q + 5*i + a = 0, 2*i = 2*q - 32 + 2. Calculate the remainder when q is divided by l.
3
Let n(j) be the second derivative of 1/20*j**5 - 2*j**2 + 1/4*j**4 + 0 - 1/2*j**3 - 3*j. What is the remainder when 14 is divided by n(-3)?
4
Suppose -73 - 47 = -10*y. What is the remainder when 21 is divided by y?
9
Let q be 4/(-8) - 9/(-2). Suppose 5*c - 51 = -2*g, 0 = -5*c - q*g + 18 + 39. What is the remainder when 16 is divided by c?
7
Let i(c) = -c**3 - 6*c**2 - c - 6. Let y be i(-6). Suppose y*t + 88 = t. Calculate the remainder when t is divided by 30.
28
Suppose 4*q = -0*q + 68. Let x = q + -7. What is the remainder when 19 is divided by x?
9
What is the remainder when 111 is divided by (11/((-198)/168))/(2/(-12))?
55
Let n = -2 + 4. Suppose 0 = -5*f + 2*f + 6. What is the remainder when f is divided by n?
0
Suppose -3*w + 52 = 3*o + o, 0 = 2*o - 5*w. Suppose -c - 5*n + o = -15, 7 = c - n. What is the remainder when c is divided by 3?
1
Let m = -3 - -12. Suppose 0 = i - 18*i + 578. Calculate the remainder when i is divided by m.
7
Suppose 3*o + 4*r + r = 97, -3*o = r - 113. Calculate the remainder when o is divided by 10.
9
Let d = 234 + -163. Calculate the remainder when d is divided by 37.
34
Suppose 9*p + 3*m = 5*p + 114, -3*p = -2*m - 94. What is the remainder when 149 is divided by p?
29
Let s(w) = -6*w + 4. Calculate the remainder when 108 is divided by s(-3).
20
Suppose -22*d + 3*d + 532 = 0. Calculate the remainder when 9*9 + (-3 - -3) is divided by d.
25
Suppose -3*o - 1 + 10 = 0, 0 = 5*a - 4*o - 8. Suppose 9*i = a*i + 250. What is the remainder when i is divided by 17?
16
Suppose -369 = 5*y - 3*d, -y + 0*y = 3*d + 81. Let i be y - (1 + (-2 - -2)). What is the remainder when (i/(-6))/((-2)/(-3)) is divided by 7?
5
Let c(w) = -22*w - 6. Let v be c(5). Let y = 15 - 5. What is the remainder when (-1 - -2)/((-4)/v) is divided by y?
9
Let k(b) = -16*b**3 + 2*b**2 + b - 1. What is the remainder when k(-2) is divided by 9?
7
Let z = 26 - 16. Suppose -i + 0*i + 34 = 0. Suppose -i = -2*o + 22. Calculate the remainder when o is divided by z.
8
Suppose -4*x = -112 + 12. What is the remainder when 69 is divided by x?
19
Let h = 1 + -5. Let q = h + 6. Suppose 58 = 3*x - q*x. What is the remainder when x is divided by 20?
18
Suppose 15*m = 20*m - 280. Calculate the remainder when m is divided by 10.
6
Suppose 14*y + 28 = 16*y. Calculate the remainder when y is divided by 4.
2
Suppose 3*r - 31 - 11 = z, -2*r - 4*z = -42. Calculate the remainder when 42 is divided by r.
12
Let m(k) = -k**3 + 31. Let u = 10 - -6. What is the remainder when m(0) is divided by u?
15
Let h = -3 - -7. Let j = 12 - 1. What is the remainder when j is divided by h?
3
Let s(i) = i**2 - 3*i + 4. Let h be s(3). Let p = 6 - h. Suppose p*f = 4 + 14. What is the remainder when 17 is divided by f?
8
Let s(w) = 7*w + 3 + 0 - 2. Let a = 73 - 61. Calculate the remainder when s(3) is divided by a.
10
Let g(p) = -p**3 + 3*p**2 + 3*p - 2. Suppose -4*s = 2*t + 41 + 21, 5*s = -2*t - 80. What is the remainder when g(3) is divided by ((-1)/3)/(2/s)?
1
What is the remainder when 108 is divided by 33 - ((-15)/(-3))/1?
24
Let w = -3 - -5. Suppose 4*v = -2*i + 68, 0 = -3*i - w*i + 4*v + 198. Calculate the remainder when i is divided by 13.
12
Let a(w) = 10*w**3 + w. Let c be a(1). Suppose 0 = -5*t + 111 - c. What is the remainder when t is divided by 11?
9
Let a(y) = 4*y**2 - 3*y - 1. Let h be a(5). Suppose g = -g + h. What is the remainder when g is divided by 11?
9
Let h(w) = 2*w + 6. What is the remainder when (4/6)/((-16)/(-12))*142 is divided by h(6)?
17
Calculate the remainder when 349 is divided by -7*10*(-5)/10.
34
What is the remainder when (2/3)/(105/99 + -1) is divided by 7?
4
Let q be (-4 + 5)/(1/7). Let k(x) = -x**2 + 7*x + 3. Suppose -2*w + 40 = 3*w. What is the remainder when w is divided by k(q)?
2
Let y = -23 - -8. Let w = -10 - y. Suppose 4*d - 29 = 7. Calculate the remainder when d is divided by w.
4
Let g(r) = -r**3 - 3*r**2 + 7*r + 3. Let m be g(-5). Let q = m + -8. Calculate the remainder when (28 + -9)/(2/4) is divided by q.
8
Let l = 54 + -29. What is the remainder when l is divided by 6?
1
Let y = 7 + -2. Suppose 7 = y*s - 248. Calculate the remainder when s is divided by 18.
15
Let w = 99 - 52. Suppose -4*u + w + 159 = -2*z, 0 = -u + z + 54. What is the remainder when u is divided by 13?
10
Let d = -32 - -56. Suppose -5*t - w = -d, -5*t + 5*w = 2*w - 8. Calculate the remainder when t is divided by 2.
0
Let l = -15 + 10. Let q = l - -7. Calculate the remainder when q is divided by 2.
0
Suppose -3*h = 5*x + 112, -194 = 4*h - x - 60. Let i = h - -85. Suppose -s = 2*s - i. What is the remainder when 50 is divided by s?
16
Let f(v) = -4*v - 3 - v**2 + 2*v**3 - 5*v**3 + 2*v**2 + 0*v**3. Calculate the remainder when f(-2) is divided by 17.
16
Suppose 2*f + 169 = 5*p, f - 60 = -2*p - 2*f. Suppose p - 86 = -d. What is the remainder when d is divided by 19?
15
Let h(p) = p**3 + 8*p**2 + 5*p - 6. Calculate the remainder when h(-7) is divided by 5.
3
Let c(v) = -v**2 - 36. Let j be c(0). Let w(k) = -k**3 - 8*k**2 - 4*k - 6. Let g be w(-6). Let q = j - g. Calculate the remainder when q is divided by 10.
8
Let b(j) = -4*j - 9. Suppose g = 3*g + 4*p + 28, -5*p + 4 = -4*g. What is the remainder when (1/(-1))/1 - -44 is divided by b(g)?
13
Suppose -2*o - q = -3*q - 4, -5*o = q - 16. Suppose -2*w + 38 = -36. What is the remainder when w is divided by 12 + (-3 - (o - 4))?
7
Suppose -67 = -2*x - 5. Calculate the remainder when x is divided by 18.
13
Let h(c) = -6*c + c - c - 7 + 8*c. Suppose 0 = 4*r - 9*r + 5*x + 45, x - 19 = -3*r. Calculate the remainder when h(r) is divided by 2.
1
Let n be (-454)/(-10) + 2/(-5). Suppose 5*h - 5*c - n = 0, 0 = 3*h - 2*h + 2*c + 6. Calculate the remainder when 12/66 - 64/(-11) is divided by h.
2
Suppose -1 - 9 = -2*o. Suppose f - 9 = -n, -59 = -3*n + o*f - 16. Calculate the remainder when 35/10*(-120)/(-21) is divided by n.
9
Suppose 254 - 65 = 9*s. Suppose 0*v + 62 = v. What is the remainder when v is divided by s?
20
Let f = 101 + -71. Suppose 0 = -3*n + 14 + 34. Let x = n + 0. What is the remainder when f is divided by x?
14
Suppose 0 = -g - 0*y + 4*y + 18, -y + 54 = 3*g. Suppose 5*p - 35 = -4*d, -p + 4*d + 7 = -0*p. What is the remainder when g is divided by p?
4
Let k(t) = t**3 - 7*t**2 - 4*t - 13. Calculate the remainder when 35 is divided by k(8).
16
Suppose -27 = -14*n + 5*n. Calculate the remainder when 18 is divided by n.
0
Let o(m) = m**2 + 2*m - 5. Suppose -2*g = g - 48. What is the remainder when o(5) is divided by g?
14
Let h(k) = k**3 - 3*k**2 - 6*k + 5. What is the remainder when h(6) is divided by 23?
8
Let d = 2 - -1. Let k be 0/(d/3*-1). Suppose k*t - 45 = -3*t. Calculate the remainder when 29 is divided by t.
14
What is the remainder when 34 is divided by (-25)/(-10)*48/20?
4
Suppose 6*c - 57 = 123. Calculate the remainder when c is divided by 11*(2/(-2))/(-1).
8
Let z(t) = 6*t - 31. What is the remainder when 67 is divided by z(8)?
16
Let l(n) = -7*n - 1. Calculate the remainder when 87 is divided by l(-2).
9
Let t(f) = f**2 + 8*f + 1. Let v be t(-8). Calculate the remainder when 17 is divided by (5 - (-1 + v)) + 1.
5
What is the remainder when ((-4)/(-6))/(4/18) is divided by 2?
1
Suppose 3*v - 14 = 22. Suppose -2*i - 3*t + 135 = 0, 3*i + t + 0*t - 206 = 0. Suppose o = -2*o + i. What is the remainder when o is divided by v?
11
Let r = -88 + 132. Calculate the remainder when r is divided by 23.
21
Let c(n) = -n**2 + 9*n - 3. Let s be c(8). Suppose y = s*y + 192. What is the r